 is divided by c.
3
Let t(n) = -9 + 101*n - 176*n + 93*n - n**2. Calculate the remainder when 35 is divided by t(17).
3
Let z(c) = 2*c**2 + 8*c + 6. Let q be z(-4). Calculate the remainder when 34 is divided by q/(-39) + (-240)/(-39).
4
Let w(o) = 3*o**3 - 2*o**2 + 3*o - 4. Let n be w(3). Let l = 101 - n. What is the remainder when (17 - 11)/((-20)/(-430)) is divided by l?
30
Let f = -400 + 654. Let x = 274 - f. What is the remainder when 67 is divided by x?
7
Let i = 9 - -3. Suppose 5*t - 538 = 2*u + 2*t, t - 271 = u. Calculate the remainder when (2/((-10)/u) - -4)/1 is divided by i.
11
Let m = 868 + -580. Calculate the remainder when m is divided by 60.
48
Let u(b) = 7*b + 4. Let f(j) = j**2 + 8*j + 18. Let k be f(-4). What is the remainder when u(k) is divided by 5?
3
Let g = -220 + 292. Suppose 132 + g = 4*h. Calculate the remainder when 151 is divided by h.
49
Let g be (-26)/(-3) - (-4)/(-6). Let x(d) = 4*d. Let r = -78386 - -78545. Calculate the remainder when r is divided by x(g).
31
Let q = -3479 - -3557. What is the remainder when q is divided by 19?
2
Suppose 3*v - 11 - 1 = 0. Suppose 4*h - 32 = v*m, 4*h + 3*m - 5 = 6. Let l = 473 - 429. Calculate the remainder when l is divided by h.
4
Let k(j) = 480*j**2 + 5*j - 5. Let l be k(1). Let o = -442 + l. Suppose 4*w - 40 = -2*z, w + 5*z = -3*w + 46. Calculate the remainder when o is divided by w.
2
Let t = -1921 - -3445. What is the remainder when t is divided by 61?
60
Suppose 133*f = 269*f - 158*f + 1056. Calculate the remainder when 791 is divided by f.
23
Suppose f - 118 = -f. Let s = 12366 - 12353. What is the remainder when f is divided by s?
7
Calculate the remainder when -4 - 292576/(-576) - (-2)/36 is divided by 163.
15
Let r(h) = -h**3 + 7*h**2 - 4*h - 7. Calculate the remainder when 132 + -11 + 2/(-2) is divided by r(4).
20
Let g(n) = -n + 14. Let c be g(14). Suppose c = -5*b - 4*f + 1395, -4*b - f = f - 1110. What is the remainder when b is divided by 6?
5
Let p = 12 + 8. Let n be (3/12 + 11/(-44))/5. Suppose n = 5*u + p, -k = 2*u - 13 - 4. Calculate the remainder when 147 is divided by k.
22
Let s be (7/(-2) + 2)*144/(-27). Suppose -t + s*t - 336 = 0. Calculate the remainder when 214 is divided by t.
22
Suppose -185*g + 518 = -777. What is the remainder when (-1242)/(-15) - (-1)/5 is divided by g?
6
Suppose -4*q = -3*i - 68, -2*i = i - q + 71. Let n be (464/i)/((-2)/(6/1)). Suppose 54 = -56*a + n*a. Calculate the remainder when 80 is divided by a.
26
Suppose 4*t + 3*i = 48, i - 1 = -t + 3*i. Let k be 6/t + 64/12. Suppose -k*l = -3*l - 162. What is the remainder when l is divided by 8?
6
Let c(v) = 59*v**2 + 56*v - 103. Calculate the remainder when 759 is divided by c(2).
24
Let q = 135 + 42. Let g(l) = -25*l + 207. Let f be g(11). What is the remainder when q is divided by 12*f/(-18) - 10/30?
42
Suppose 0*r = 27*r - 81. Suppose 0 = -r*f - 15, 157 = 4*u - 19*f + 22*f. What is the remainder when u is divided by 34/3 + 4/6?
7
Suppose 28 = -2*f - 2*r - 2*r, f - 4*r = 10. What is the remainder when 23 is divided by (-6)/6 - (f + 0)?
3
Let f = -223 + 248. Suppose -205 = -f*t + 495. What is the remainder when 83 is divided by t?
27
Calculate the remainder when 3 + (-1)/((-7)/42) + 542 is divided by 20.
11
Let o be (-2 + (5 - 4))*-9. Suppose -5*f - 280 = -o*f. Suppose -f*r = -72*r + 20. Calculate the remainder when 33 is divided by r.
3
Let v be (38/(-6) - -6)*-585. Suppose -15*y + 28*y - v = 0. What is the remainder when 23 is divided by y?
8
Suppose 962*j = 783*j + 132639. Calculate the remainder when j is divided by 222.
75
Let f = -233 - -138. Let l = f - -177. Let q(g) = -g**3 - 21*g**2 - g. What is the remainder when l is divided by q(-21)?
19
Suppose -3920*q - 1030 = -3928*q - 246. Calculate the remainder when 402 is divided by q.
10
Suppose 88*x - 118*x = 154*x - 47104. Calculate the remainder when x is divided by 82.
10
Let o(l) = -4*l - 33. Let d(j) = 5*j + 33. Let z(t) = -2*d(t) - 3*o(t). What is the remainder when z(7) is divided by 19?
9
Suppose -7*u + 2426 - 214 = 0. Calculate the remainder when 636 is divided by u.
4
Let c(y) = 15*y**2 + 126*y - 258. Calculate the remainder when 840 is divided by c(2).
30
Let f = 15452 + -15200. Calculate the remainder when 766 is divided by f.
10
Let d be (26 - 5)*36/14. Suppose 0 = -2*k - 4*k + d. Suppose 0 = -2*s + c + 190 - 62, -3*c - 260 = -4*s. Calculate the remainder when s is divided by k.
8
Let l = -5608 + 5648. Let a(t) = 6*t**2 + t - 1. Let z be a(1). Suppose -y - l = -z*y. Calculate the remainder when 16 is divided by y.
0
Let o(a) = -60 - 7*a**2 + 6*a**2 - 25*a + 15. Calculate the remainder when 648 is divided by o(-22).
18
Let w = -1090 - -1384. Calculate the remainder when w is divided by 143.
8
Let d be ((-184)/16 + 10)/(3/(-296)). Let y = d - 30. Calculate the remainder when y is divided by 38.
4
Let a = -152 - -155. Let m(z) = z**2 - 4*z + 13. Calculate the remainder when m(a) is divided by 5.
0
Let g(u) = -1 - 24 + 18 + u**3 + 57. Let p be g(0). Suppose -3*s + 21 = -s + y, 0 = -5*s - 3*y + p. Calculate the remainder when 89 is divided by s.
11
Suppose 5*r - 945 + 325 = 0. Let s = 226 - r. Calculate the remainder when 34 is divided by (-1)/2 - (4 + s/(-4)).
13
Suppose 0 = -250*n + 520 + 1230. Calculate the remainder when (-256)/(-14) - (-2)/(-7) is divided by n.
4
What is the remainder when -951*2/16*888/(-333) is divided by 31?
7
Let m = -561 - -604. Let n = m - 39. Calculate the remainder when 98 is divided by n.
2
Suppose -3*r + 69 = -3*y, y = -3*r + 35 + 14. Let o = 5927 - 5893. What is the remainder when o is divided by r/5 + 6/15?
2
Suppose -68*y + 69*y - 74 = -5*t, 0 = 5*y - 3*t - 202. What is the remainder when y is divided by 28?
16
Suppose 11 = p + 2*p + 2*u, 4*u = -4*p + 16. Suppose 0 = p*f - 6*f + 5*x + 36, 5*x + 2 = f. What is the remainder when 490 is divided by f?
14
Suppose -4514*r - 471 = -4517*r + 2*n, 3*r - 534 = -5*n. Suppose -12 = -u + 1. Calculate the remainder when r is divided by u.
7
Let q = 15284 - 15215. Calculate the remainder when 427 is divided by q.
13
Let u(p) = -p**2 + 4*p - 4. Let c be u(2). Suppose -2 = -c*o + o, -4*o - 144 = -4*y. What is the remainder when y is divided by 13?
8
Let v = 51 + 7. Suppose -108 = -12*i + 3*i. Suppose -h - 3*h - i = -p, 4*h + 60 = 4*p. What is the remainder when v is divided by p?
10
Let q = -12 - -15. Suppose 5*g - 2*n + 555 = 0, 2*g = -q*g - 4*n - 585. Let i = g - -184. What is the remainder when i is divided by 9?
8
Let r = 2027 + -1239. Calculate the remainder when r is divided by 9.
5
Let f(q) = -132*q - 6144. Suppose v = 21 + 10. Calculate the remainder when f(-47) is divided by v.
29
Let d = -1339 - -2109. Let f = -701 + d. What is the remainder when 125 is divided by f?
56
Let r = -16 - -26. Let c = r + 54. Suppose 81*w - 511 - 1766 = 396. Calculate the remainder when c is divided by w.
31
Suppose 107*n - 103*n + 20 = 0, -5*g - 3*n = -230. Calculate the remainder when 68 is divided by g.
19
Let w(f) = f**2 - 2*f + 16. Let p = 19 + -17. Let a(r) = 10*r**3 - r**2 - r + 4. What is the remainder when a(p) is divided by w(0)?
14
Let b = 349 + -347. What is the remainder when -1*((-1 - 78) + b) is divided by 28?
21
Let a be (-5*(-40)/25)/(-1). What is the remainder when (10 + a)*(-86)/(-8)*2 is divided by 12?
7
Let q = 47 - 26. Suppose 23*k - 22*k = 32. Let a(w) = -w**3 + 34*w**2 - 62*w - 56. Calculate the remainder when q is divided by a(k).
5
Calculate the remainder when (-39)/(1323/(-219) + 6) is divided by 56.
53
Let d(v) = -v**2 - 28*v + 37. Let w(l) = l**3 - 14*l**2 - l - 13. Let g be w(14). What is the remainder when 175 is divided by d(g)?
47
Suppose 5*w - 1 = -3*z, 2*z - 5*w + 1 - 35 = 0. Suppose 22*h = 27 + 39. Calculate the remainder when h - (-43 + (-2 - -1)) is divided by z.
5
Let z(w) = 54*w - 428. Calculate the remainder when z(36) is divided by 13.
8
Let g = 141 - 146. What is the remainder when 62 is divided by 1/(g/(-15) + (-40)/138)?
16
Suppose 38*v + 820 = 167*v - 2018. Let b = -6 + 69. What is the remainder when b is divided by v?
19
Let o = 64 + 44. Let f(b) = b**3 + 13*b**2 + 26*b - 17. What is the remainder when o is divided by f(-10)?
16
Let s = -127 - -316. Let y = -108 + s. Suppose -2*k + 5*m = -k - 27, 3*k - y = m. What